{"id":314,"date":"2018-11-13T12:39:13","date_gmt":"2018-11-13T12:39:13","guid":{"rendered":"http:\/\/newsite.vaivorykstestakas.lt\/wordpress\/?page_id=314"},"modified":"2025-03-07T10:54:10","modified_gmt":"2025-03-07T10:54:10","slug":"apie-mokykla","status":"publish","type":"page","link":"https:\/\/vaivorykstestakas.lt\/","title":{"rendered":"Apie mokykl\u0105"},"content":{"rendered":"\n<h3 class=\"wp-block-heading vertimas kalba-ru\">\u041f\u0420\u041e \u0428\u041a\u041e\u041b\u0423<br><\/h3>\n\n\n\n<p class=\"vertimas kalba-ru\">  &nbsp; &nbsp; &nbsp; &nbsp; &nbsp; \u041a\u043b\u0430\u0439\u043f\u0435\u0434\u0441\u043a\u0430\u044f \u0433\u0438\u043c\u043d\u0430\u0437\u0438\u044f \u00ab\u041f\u0443\u0442\u044c \u0440\u0430\u0434\u0443\u0433\u0438\u00bb \u043e\u0431\u044a\u0435\u0434\u0438\u043d\u044f\u0435\u0442 \u0433\u0440\u0443\u043f\u043f\u0443 \u043e\u043f\u044b\u0442\u043d\u044b\u0445, \u0443\u0432\u043b\u0435\u0447\u0435\u043d\u043d\u044b\u0445 \u043c\u043e\u043b\u043e\u0434\u044b\u0445 \u0438 \u0437\u0440\u0435\u043b\u044b\u0445 \u0443\u0447\u0438\u0442\u0435\u043b\u0435\u0439, \u043b\u044e\u0431\u044f\u0449\u0438\u0445 \u0438 \u043f\u0440\u0435\u0434\u0430\u043d\u043d\u044b\u0445 \u0441\u0432\u043e\u0435\u043c\u0443 \u0434\u0435\u043b\u0443. \u0423\u0447\u0438\u0442\u0435\u043b\u0435\u0439, \u043a\u043e\u0442\u043e\u0440\u044b\u0435 \u0441\u0442\u0440\u0435\u043c\u044f\u0442\u0441\u044f \u043f\u043e\u043c\u043e\u0447\u044c \u043c\u043e\u043b\u043e\u0434\u043e\u043c\u0443 \u043f\u043e\u043a\u043e\u043b\u0435\u043d\u0438\u044e \u043d\u0435 \u0442\u043e\u043b\u044c\u043a\u043e \u043f\u0440\u0438\u043e\u0431\u0440\u0435\u0441\u0442\u0438 \u0432\u0441\u0435 \u043d\u0435\u043e\u0431\u0445\u043e\u0434\u0438\u043c\u044b\u0435 \u043d\u0430\u0432\u044b\u043a\u0438 \u0434\u043b\u044f \u0441\u0432\u043e\u0435\u0439 \u0436\u0438\u0437\u043d\u0438, \u043d\u043e \u0438&nbsp;&nbsp;\u0441\u043e\u0437\u0434\u0430\u0442\u044c \u043f\u0440\u0430\u0432\u0438\u043b\u044c\u043d\u044b\u0435 \u0446\u0435\u043d\u043d\u043e\u0441\u0442\u0438 \u0434\u043b\u044f \u0440\u0430\u0437\u0432\u0438\u0442\u0438\u044f&nbsp;&nbsp;\u0438 \u043b\u0438\u0447\u043d\u043e\u0441\u0442\u043d\u043e\u0433\u043e \u0440\u043e\u0441\u0442\u0430.<br> <br>   &nbsp; &nbsp; &nbsp; &nbsp; &nbsp;   \u041b\u044e\u0431\u043e\u0432\u044c \u0438 \u0441\u043e\u0441\u0442\u0440\u0430\u0434\u0430\u043d\u0438\u0435 \u043a \u0431\u043b\u0438\u0436\u043d\u0435\u043c\u0443, \u0443\u0432\u0430\u0436\u0435\u043d\u0438\u0435 \u043a \u0441\u0435\u0431\u0435 \u0438 \u043a \u0434\u0440\u0443\u0433\u0438\u043c, \u0443\u0441\u0435\u0440\u0434\u0438\u0435, \u043f\u043e\u043c\u043e\u0449\u044c \u0441\u043b\u0430\u0431\u043e\u043c\u0443, \u0447\u0443\u0432\u0441\u0442\u0432\u043e \u043e\u0442\u0432\u0435\u0442\u0441\u0442\u0432\u0435\u043d\u043d\u043e\u0441\u0442\u0438 \u2013 \u044d\u0442\u043e \u0442\u0435 x\u0440\u0438\u0441\u0442\u0438\u0430\u043d\u0441\u043a\u0438\u0435 \u0446\u0435\u043d\u043d\u043e\u0441\u0442\u0438, \u043a\u043e\u0442\u043e\u0440\u044b\u0435 \u0432\u043e\u0441\u043f\u0438\u0442\u044b\u0432\u0430\u0435\u0442 \u0448\u043a\u043e\u043b\u0430 \u0443 \u043c\u043e\u043b\u043e\u0434\u043e\u0433\u043e \u043f\u043e\u043a\u043e\u043b\u0435\u043d\u0438\u044f. \u041c\u044b \u0432\u0441\u0435 \u0434\u0440\u0443\u0436\u043d\u043e \u0443\u0447\u0438\u043c\u0441\u044f \u0440\u0435\u0448\u0430\u0442\u044c \u043f\u0440\u043e\u0431\u043b\u0435\u043c\u044b \u0438&nbsp;&nbsp;\u043f\u0440\u043e\u0442\u0438\u0432\u043e\u0441\u0442\u043e\u044f\u0442\u044c \u0442\u0440\u0443\u0434\u043d\u043e\u0441\u0442\u044f\u043c.&nbsp; \u041c\u044b \u0434\u043e\u0440\u043e\u0436\u0438\u043c \u0438 \u0446\u0435\u043d\u0438\u043c&nbsp; \u043a\u0430\u0436\u0434\u043e\u0433\u043e&nbsp;&nbsp;\u0443\u0447\u0435\u043d\u0438\u043a\u0430, \u0443\u0447\u0438\u0442\u0435\u043b\u044f, \u0441\u043e\u0442\u0440\u0443\u0434\u043d\u0438\u043a\u0430, \u0432\u044b\u043f\u0443\u0441\u043a\u043d\u0438\u043a\u0430. \u041c\u044b \u0431\u043b\u0430\u0433\u043e\u0434\u0430\u0440\u043d\u044b \u043d\u0430\u0448\u0435\u043c\u0443 \u0421\u043e\u0437\u0434\u0430\u0442\u0435\u043b\u044e \u0438 \u0413\u043e\u0441\u043f\u043e\u0434\u0443 \u0437\u0430 \u0415\u0433\u043e \u043b\u044e\u0431\u043e\u0432\u044c \u0438 \u0432\u0435\u0440\u043d\u043e\u0441\u0442\u044c \u043d\u0430\u043c. \u041c\u044b \u0443\u0447\u0438\u043c\u0441\u044f \u0443 \u041d\u0435\u0433\u043e \u043b\u044e\u0431\u0438\u0442\u044c, \u043f\u0440\u043e\u0449\u0430\u0442\u044c \u0438 \u043f\u0440\u043e\u0434\u043e\u043b\u0436\u0430\u0442\u044c . \u041a\u0430\u043a \u043d\u0430\u043f\u0438\u0441\u0430\u043d\u043e \u0432 \u041f\u0438\u0441\u0430\u043d\u0438\u0438:<br><\/p>\n\n\n\n<blockquote class=\"wp-block-quote vertimas kalba-ru\">\n<p> \u00ab \u0412\u043e\u0442 \u0447\u0442\u043e \u0437\u0430\u043f\u043e\u0432\u0435\u0434\u0443\u044e \u042f \u0432\u0430\u043c: \u043b\u044e\u0431\u0438\u0442\u0435 \u0434\u0440\u0443\u0433 \u0434\u0440\u0443\u0433\u0430, \u043a\u0430\u043a \u042f \u0432\u043e\u0437\u043b\u044e\u0431\u0438\u043b \u0432\u0430\u0441 \u00bb.<br><br>(\u0418\u043e\u0430\u043d\u043d\u0430 15:12)<br><\/p>\n<\/blockquote>\n\n\n\n<h3 class=\"wp-block-heading vertimas kalba-en\">Briefly about gymnasium<\/h3>\n\n\n\n<p class=\"vertimas kalba-en\">Klaip\u0117da &#8222;Rainbow Way&#8221; gymnasium has brought together a nice team of qualified, enthusiastic, young and mature (above all-youthful), loving and committed teachers who strive to help young generation acquire not only all needed for their life competences, but to provide them assistance forming right Christian values for fully-fledged growth. To foster love and compassion towards others, respect and self-respect, diligence, help for a weaker one, sense of responsibility. All together we are learning to embrace challenges and do not give up. <br><br>In 2021  gymnasium graduated its 8th class. We are happy for not only each our graduate, but for each teacher, worker and student as well. We appreciate and cherish them very much! Every day we are learning to be a part of friendly and respectful towards its members community. We are grateful to our Creator and Lord for His love and faithfulness. From Him we are learning to love, accept, forgive and keep on moving forward. As it is written in the Bible: <\/p>\n\n\n\n<blockquote class=\"wp-block-quote vertimas kalba-en\">\n<p>&#8222;My command is this: Love each other as I have loved you.&#8221; <\/p>\n\n\n\n<p> (Jono 15,12)&nbsp;&nbsp; <br><\/p>\n<\/blockquote>\n\n\n\n<h3 class=\"wp-block-heading kalba-lt\"> Trumpai apie mus <\/h3>\n\n\n\n<p>2022-aisiais metais \u201eVaivoryk\u0161t\u0117s tako\u201c gimnazija Klaip\u0117doje  \u0161vent\u0117 25-i\u0173 met\u0173 jubiliej\u0173! D\u017eiaugiam\u0117s, kad taip spar\u010diai besikei\u010diant visuomenei mokyklos misija i\u0161liko nepakitusi ir \u0161iandien ji kaip niekad aktuali. Mokykla, sub\u016brusi gra\u017e\u0173 b\u016br\u012f kvalifikuot\u0173, entuziasting\u0173 ir \u012fdomi\u0173 mokytoj\u0173, siekia pad\u0117ti jaunajai kartai ne tik \u012fgyti visas reikiamas kompetencijas j\u0173 gyvenimams, bet ir pad\u0117ti susiformuoti teisingas vertybes pilnaver\u010diam augimui: meil\u0119, pagarb\u0105, atsakomyb\u0119,  kritin\u012f mastym\u0105.<br>Kasmet visi drauge mokom\u0117s priimti i\u0161\u0161\u016bkius ir nepasiduoti sunkumams. D\u017eiaugiam\u0117s s\u0117kmingai \u012fgyvendin\u0119 Europos S\u0105jungos strukt\u016brini\u0173 fond\u0173 paremtus rekonstrukcijos ir modernizavimo projektus. Ko pasekoje patraukli ir mokymui(si) pritaikyta m\u016bs\u0173  gimnazijos aplinka: modern\u016bs mokymo kabinetai, jauki poilsio erdv\u0117, universali sporto aik\u0161tel\u0117, gimnastikos kompleksas. <br>2023-i\u0173 met\u0173 pavasar\u012f gimnazija i\u0161leid\u017eia X-\u0105j\u0105 abiturient\u0173 laid\u0105. Tikime, kad kiekvienam gimnazijos abiturientui \u012fgytos \u017einios, mok\u0117jimai ir \u012fg\u016bd\u017eiai bei teisingos pamatin\u0117s vertyb\u0117s pad\u0117s surasti savo &#8222;viet\u0105 po saule&#8221;. Vertiname ir branginame kiekvien\u0105 mokytoj\u0105, darbuotoj\u0105, mokin\u012f! Kasdien kiekvienas mokom\u0117s b\u016bti draugi\u0161kos ir pagarbios vienas kitam bendruomen\u0117s dalimi. <br>Esame d\u0117kingi savo K\u016br\u0117jui ir Vie\u0161pa\u010diui u\u017e Jo Meil\u0119 bei i\u0161tikimyb\u0119 mums. I\u0161 Jo ir mokom\u0117s: su meile kalb\u0117ti ties\u0105; siekti pa\u017einimo; i\u0161stov\u0117ti tik\u0117jime ir nenustoti viltis. <br><br>Tikime savo K\u016br\u0117jo pa\u017eadu: &#8222;Jis duos laikus, saugius i\u0161gelb\u0117jimo j\u0117ga, i\u0161mintimi, pa\u017einimu. Vie\u0161paties baim\u0117 bus j\u0173 turtas &#8222;. \u0160ventasis Ra\u0161tas<\/p>\n\n\n\n<p><\/p>\n\n\n\n<p><\/p>\n\n\n\n<p><\/p>\n\n\n\n<p><\/p>\n\n\n\n<p><br> <br>   &nbsp; &nbsp; &nbsp; &nbsp; &nbsp;  <br><\/p>\n\n\n\n<div style=\"height:25px\" aria-hidden=\"true\" class=\"wp-block-spacer\"><\/div>\n\n\n\n<style>\n.rl-gallery-item:nth-child(n+8){\n  display:none;\n}\n.rl-gallery-item:nth-child(n+5){\n  width: calc(33.3333% - 10px) !important;\n}\n<\/style>\n\n\n<div class=\"rl-gallery-container rl-loading\" id=\"rl-gallery-container-1\" data-gallery_id=\"1232\"> <div class=\"rl-gallery rl-basicgrid-gallery \" id=\"rl-gallery-1\" data-gallery_no=\"1\"> <div class=\"rl-gallery-item\"><a href=\"https:\/\/vaivorykstestakas.lt\/wp-content\/uploads\/Nuotraukos\/apie_mokykla\/mokyklos_galerija\/DSC_8433.jpg\" title=\"\" data-rl_title=\"\" class=\"rl-gallery-link\" data-rl_caption=\"\" data-rel=\"lightbox-gallery-1\"><img loading=\"lazy\" decoding=\"async\" src=\"https:\/\/vaivorykstestakas.lt\/wp-content\/uploads\/Nuotraukos\/apie_mokykla\/mokyklos_galerija\/DSC_8433-300x227.jpg\" width=\"300\" height=\"227\" alt=\"\" \/><\/a><\/div><div class=\"rl-gallery-item\"><a href=\"https:\/\/vaivorykstestakas.lt\/wp-content\/uploads\/Nuotraukos\/apie_mokykla\/mokyklos_galerija\/DSC_8476.jpg\" title=\"\" data-rl_title=\"\" class=\"rl-gallery-link\" data-rl_caption=\"\" data-rel=\"lightbox-gallery-1\"><img loading=\"lazy\" decoding=\"async\" src=\"https:\/\/vaivorykstestakas.lt\/wp-content\/uploads\/Nuotraukos\/apie_mokykla\/mokyklos_galerija\/DSC_8476-300x200.jpg\" width=\"300\" height=\"200\" alt=\"\" \/><\/a><\/div><div class=\"rl-gallery-item\"><a href=\"https:\/\/vaivorykstestakas.lt\/wp-content\/uploads\/Nuotraukos\/apie_mokykla\/mokyklos_galerija\/DSC_8487.jpg\" title=\"\" data-rl_title=\"\" class=\"rl-gallery-link\" data-rl_caption=\"\" data-rel=\"lightbox-gallery-1\"><img loading=\"lazy\" decoding=\"async\" src=\"https:\/\/vaivorykstestakas.lt\/wp-content\/uploads\/Nuotraukos\/apie_mokykla\/mokyklos_galerija\/DSC_8487-300x200.jpg\" width=\"300\" height=\"200\" alt=\"\" \/><\/a><\/div><div class=\"rl-gallery-item\"><a href=\"https:\/\/vaivorykstestakas.lt\/wp-content\/uploads\/Nuotraukos\/apie_mokykla\/mokyklos_galerija\/DSC_8445.jpg\" title=\"\" data-rl_title=\"\" class=\"rl-gallery-link\" data-rl_caption=\"\" data-rel=\"lightbox-gallery-1\"><img loading=\"lazy\" decoding=\"async\" src=\"https:\/\/vaivorykstestakas.lt\/wp-content\/uploads\/Nuotraukos\/apie_mokykla\/mokyklos_galerija\/DSC_8445-300x200.jpg\" width=\"300\" height=\"200\" alt=\"\" \/><\/a><\/div><div class=\"rl-gallery-item\"><a href=\"https:\/\/vaivorykstestakas.lt\/wp-content\/uploads\/Nuotraukos\/apie_mokykla\/mokyklos_galerija\/DSC_8448.jpg\" title=\"\" data-rl_title=\"\" class=\"rl-gallery-link\" data-rl_caption=\"\" data-rel=\"lightbox-gallery-1\"><img loading=\"lazy\" decoding=\"async\" src=\"https:\/\/vaivorykstestakas.lt\/wp-content\/uploads\/Nuotraukos\/apie_mokykla\/mokyklos_galerija\/DSC_8448-300x200.jpg\" width=\"300\" height=\"200\" alt=\"\" \/><\/a><\/div><div class=\"rl-gallery-item\"><a href=\"https:\/\/vaivorykstestakas.lt\/wp-content\/uploads\/Nuotraukos\/apie_mokykla\/mokyklos_galerija\/IMG_1674.jpg\" title=\"\" data-rl_title=\"\" class=\"rl-gallery-link\" data-rl_caption=\"\" data-rel=\"lightbox-gallery-1\"><img loading=\"lazy\" decoding=\"async\" src=\"https:\/\/vaivorykstestakas.lt\/wp-content\/uploads\/Nuotraukos\/apie_mokykla\/mokyklos_galerija\/IMG_1674-300x200.jpg\" width=\"300\" height=\"200\" alt=\"\" \/><\/a><\/div><div class=\"rl-gallery-item\"><a href=\"https:\/\/vaivorykstestakas.lt\/wp-content\/uploads\/Nuotraukos\/apie_mokykla\/mokyklos_galerija\/IMG_1727.jpg\" title=\"\" data-rl_title=\"\" class=\"rl-gallery-link\" data-rl_caption=\"\" data-rel=\"lightbox-gallery-1\"><img loading=\"lazy\" decoding=\"async\" src=\"https:\/\/vaivorykstestakas.lt\/wp-content\/uploads\/Nuotraukos\/apie_mokykla\/mokyklos_galerija\/IMG_1727-300x200.jpg\" width=\"300\" height=\"200\" alt=\"\" \/><\/a><\/div><div class=\"rl-gallery-item\"><a href=\"https:\/\/vaivorykstestakas.lt\/wp-content\/uploads\/Nuotraukos\/apie_mokykla\/mokyklos_galerija\/IMG_1640.jpg\" title=\"\" data-rl_title=\"\" class=\"rl-gallery-link\" data-rl_caption=\"\" data-rel=\"lightbox-gallery-1\"><img loading=\"lazy\" decoding=\"async\" src=\"https:\/\/vaivorykstestakas.lt\/wp-content\/uploads\/Nuotraukos\/apie_mokykla\/mokyklos_galerija\/IMG_1640-300x200.jpg\" width=\"300\" height=\"200\" alt=\"\" \/><\/a><\/div><div class=\"rl-gallery-item\"><a href=\"https:\/\/vaivorykstestakas.lt\/wp-content\/uploads\/Nuotraukos\/apie_mokykla\/mokyklos_galerija\/IMG_1570.jpg\" title=\"\" data-rl_title=\"\" class=\"rl-gallery-link\" data-rl_caption=\"\" data-rel=\"lightbox-gallery-1\"><img loading=\"lazy\" decoding=\"async\" src=\"https:\/\/vaivorykstestakas.lt\/wp-content\/uploads\/Nuotraukos\/apie_mokykla\/mokyklos_galerija\/IMG_1570-300x200.jpg\" width=\"300\" height=\"200\" alt=\"\" \/><\/a><\/div><div class=\"rl-gallery-item\"><a href=\"https:\/\/vaivorykstestakas.lt\/wp-content\/uploads\/Nuotraukos\/apie_mokykla\/mokyklos_galerija\/IMG_1833.jpg\" title=\"\" data-rl_title=\"\" class=\"rl-gallery-link\" data-rl_caption=\"\" data-rel=\"lightbox-gallery-1\"><img loading=\"lazy\" decoding=\"async\" src=\"https:\/\/vaivorykstestakas.lt\/wp-content\/uploads\/Nuotraukos\/apie_mokykla\/mokyklos_galerija\/IMG_1833-300x200.jpg\" width=\"300\" height=\"200\" alt=\"\" \/><\/a><\/div><div class=\"rl-gallery-item\"><a href=\"https:\/\/vaivorykstestakas.lt\/wp-content\/uploads\/Nuotraukos\/apie_mokykla\/mokyklos_galerija\/IMG_1778.jpg\" title=\"\" data-rl_title=\"\" class=\"rl-gallery-link\" data-rl_caption=\"\" data-rel=\"lightbox-gallery-1\"><img loading=\"lazy\" decoding=\"async\" src=\"https:\/\/vaivorykstestakas.lt\/wp-content\/uploads\/Nuotraukos\/apie_mokykla\/mokyklos_galerija\/IMG_1778-300x200.jpg\" width=\"300\" height=\"200\" alt=\"\" \/><\/a><\/div><div class=\"rl-gallery-item\"><a href=\"https:\/\/vaivorykstestakas.lt\/wp-content\/uploads\/Nuotraukos\/apie_mokykla\/mokyklos_galerija\/IMG_1799.jpg\" title=\"\" data-rl_title=\"\" class=\"rl-gallery-link\" data-rl_caption=\"\" data-rel=\"lightbox-gallery-1\"><img loading=\"lazy\" decoding=\"async\" src=\"https:\/\/vaivorykstestakas.lt\/wp-content\/uploads\/Nuotraukos\/apie_mokykla\/mokyklos_galerija\/IMG_1799-300x200.jpg\" width=\"300\" height=\"200\" alt=\"\" \/><\/a><\/div><div class=\"rl-gallery-item\"><a href=\"https:\/\/vaivorykstestakas.lt\/wp-content\/uploads\/Nuotraukos\/apie_mokykla\/mokyklos_galerija\/IMG_1822.jpg\" title=\"\" data-rl_title=\"\" class=\"rl-gallery-link\" data-rl_caption=\"\" data-rel=\"lightbox-gallery-1\"><img loading=\"lazy\" decoding=\"async\" src=\"https:\/\/vaivorykstestakas.lt\/wp-content\/uploads\/Nuotraukos\/apie_mokykla\/mokyklos_galerija\/IMG_1822-300x200.jpg\" width=\"300\" height=\"200\" alt=\"\" \/><\/a><\/div><div class=\"rl-gallery-item\"><a href=\"https:\/\/vaivorykstestakas.lt\/wp-content\/uploads\/Nuotraukos\/apie_mokykla\/mokyklos_galerija\/IMG_1701.jpg\" title=\"\" data-rl_title=\"\" class=\"rl-gallery-link\" data-rl_caption=\"\" data-rel=\"lightbox-gallery-1\"><img loading=\"lazy\" decoding=\"async\" src=\"https:\/\/vaivorykstestakas.lt\/wp-content\/uploads\/Nuotraukos\/apie_mokykla\/mokyklos_galerija\/IMG_1701-300x200.jpg\" width=\"300\" height=\"200\" alt=\"\" \/><\/a><\/div><div class=\"rl-gallery-item\"><a href=\"https:\/\/vaivorykstestakas.lt\/wp-content\/uploads\/Nuotraukos\/apie_mokykla\/mokyklos_galerija\/IMG_1644.jpg\" title=\"\" data-rl_title=\"\" class=\"rl-gallery-link\" data-rl_caption=\"\" data-rel=\"lightbox-gallery-1\"><img loading=\"lazy\" decoding=\"async\" src=\"https:\/\/vaivorykstestakas.lt\/wp-content\/uploads\/Nuotraukos\/apie_mokykla\/mokyklos_galerija\/IMG_1644-300x200.jpg\" width=\"300\" height=\"200\" alt=\"\" \/><\/a><\/div><div class=\"rl-gallery-item\"><a href=\"https:\/\/vaivorykstestakas.lt\/wp-content\/uploads\/Nuotraukos\/apie_mokykla\/mokyklos_galerija\/IMG_1652.jpg\" title=\"\" data-rl_title=\"\" class=\"rl-gallery-link\" data-rl_caption=\"\" data-rel=\"lightbox-gallery-1\"><img loading=\"lazy\" decoding=\"async\" src=\"https:\/\/vaivorykstestakas.lt\/wp-content\/uploads\/Nuotraukos\/apie_mokykla\/mokyklos_galerija\/IMG_1652-300x200.jpg\" width=\"300\" height=\"200\" alt=\"\" \/><\/a><\/div><div class=\"rl-gallery-item\"><a href=\"https:\/\/vaivorykstestakas.lt\/wp-content\/uploads\/Nuotraukos\/apie_mokykla\/mokyklos_galerija\/IMG_1646.jpg\" title=\"\" data-rl_title=\"\" class=\"rl-gallery-link\" data-rl_caption=\"\" data-rel=\"lightbox-gallery-1\"><img loading=\"lazy\" decoding=\"async\" src=\"https:\/\/vaivorykstestakas.lt\/wp-content\/uploads\/Nuotraukos\/apie_mokykla\/mokyklos_galerija\/IMG_1646-300x200.jpg\" width=\"300\" height=\"200\" alt=\"\" \/><\/a><\/div><div class=\"rl-gallery-item\"><a href=\"https:\/\/vaivorykstestakas.lt\/wp-content\/uploads\/Nuotraukos\/apie_mokykla\/mokyklos_galerija\/IMG_1868.jpg\" title=\"\" data-rl_title=\"\" class=\"rl-gallery-link\" data-rl_caption=\"\" data-rel=\"lightbox-gallery-1\"><img loading=\"lazy\" decoding=\"async\" src=\"https:\/\/vaivorykstestakas.lt\/wp-content\/uploads\/Nuotraukos\/apie_mokykla\/mokyklos_galerija\/IMG_1868-300x200.jpg\" width=\"300\" height=\"200\" alt=\"\" \/><\/a><\/div><div class=\"rl-gallery-item\"><a href=\"https:\/\/vaivorykstestakas.lt\/wp-content\/uploads\/Nuotraukos\/apie_mokykla\/mokyklos_galerija\/IMG_1664.jpg\" title=\"\" data-rl_title=\"\" class=\"rl-gallery-link\" data-rl_caption=\"\" data-rel=\"lightbox-gallery-1\"><img loading=\"lazy\" decoding=\"async\" src=\"https:\/\/vaivorykstestakas.lt\/wp-content\/uploads\/Nuotraukos\/apie_mokykla\/mokyklos_galerija\/IMG_1664-300x200.jpg\" width=\"300\" height=\"200\" alt=\"\" \/><\/a><\/div><div class=\"rl-gallery-item\"><a href=\"https:\/\/vaivorykstestakas.lt\/wp-content\/uploads\/Nuotraukos\/apie_mokykla\/mokyklos_galerija\/IMG_1580.jpg\" title=\"\" data-rl_title=\"\" class=\"rl-gallery-link\" data-rl_caption=\"\" data-rel=\"lightbox-gallery-1\"><img loading=\"lazy\" decoding=\"async\" src=\"https:\/\/vaivorykstestakas.lt\/wp-content\/uploads\/Nuotraukos\/apie_mokykla\/mokyklos_galerija\/IMG_1580-300x200.jpg\" width=\"300\" height=\"200\" alt=\"\" \/><\/a><\/div><div class=\"rl-gallery-item\"><a href=\"https:\/\/vaivorykstestakas.lt\/wp-content\/uploads\/Nuotraukos\/apie_mokykla\/mokyklos_galerija\/IMG_1535.jpg\" title=\"\" data-rl_title=\"\" class=\"rl-gallery-link\" data-rl_caption=\"\" data-rel=\"lightbox-gallery-1\"><img loading=\"lazy\" decoding=\"async\" src=\"https:\/\/vaivorykstestakas.lt\/wp-content\/uploads\/Nuotraukos\/apie_mokykla\/mokyklos_galerija\/IMG_1535-300x200.jpg\" width=\"300\" height=\"200\" alt=\"\" \/><\/a><\/div> <\/div> <\/div>\n\n\n\n<div style=\"height:73px\" aria-hidden=\"true\" class=\"wp-block-spacer\"><\/div>\n\n\n\n<hr class=\"wp-block-separator has-css-opacity\"\/>\n\n\n\n<h3 class=\"wp-block-heading\">Abiturientai apie gimnazij\u0105<\/h3>\n\n\n\n<figure class=\"wp-block-video\"><video controls poster=\"https:\/\/vaivorykstestakas.lt\/wp-content\/uploads\/2025\/03\/Vaivorykstes-tako-gimnazijos.png\" preload=\"auto\" src=\"https:\/\/vaivorykstestakas.lt\/wp-content\/uploads\/2025\/03\/20240603-Paskutinis-skambutis-04.mov\"><\/video><\/figure>\n\n\n\n<div style=\"height:83px\" aria-hidden=\"true\" class=\"wp-block-spacer\"><\/div>\n","protected":false},"excerpt":{"rendered":"<p>\u041f\u0420\u041e \u0428\u041a\u041e\u041b\u0423 \u041a\u043b\u0430\u0439\u043f\u0435\u0434\u0441\u043a\u0430\u044f \u0433\u0438\u043c\u043d\u0430\u0437\u0438\u044f \u00ab\u041f\u0443\u0442\u044c \u0440\u0430\u0434\u0443\u0433\u0438\u00bb \u043e\u0431\u044a\u0435\u0434\u0438\u043d\u044f\u0435\u0442 \u0433\u0440\u0443\u043f\u043f\u0443 \u043e\u043f\u044b\u0442\u043d\u044b\u0445, \u0443\u0432\u043b\u0435\u0447\u0435\u043d\u043d\u044b\u0445 \u043c\u043e\u043b\u043e\u0434\u044b\u0445 \u0438 \u0437\u0440\u0435\u043b\u044b\u0445 \u0443\u0447\u0438\u0442\u0435\u043b\u0435\u0439, \u043b\u044e\u0431\u044f\u0449\u0438\u0445 \u0438 \u043f\u0440\u0435\u0434\u0430\u043d\u043d\u044b\u0445 \u0441\u0432\u043e\u0435\u043c\u0443 \u0434\u0435\u043b\u0443. \u0423\u0447\u0438\u0442\u0435\u043b\u0435\u0439, \u043a\u043e\u0442\u043e\u0440\u044b\u0435 \u0441\u0442\u0440\u0435\u043c\u044f\u0442\u0441\u044f \u043f\u043e\u043c\u043e\u0447\u044c \u043c\u043e\u043b\u043e\u0434\u043e\u043c\u0443 \u043f\u043e\u043a\u043e\u043b\u0435\u043d\u0438\u044e \u043d\u0435 \u0442\u043e\u043b\u044c\u043a\u043e \u043f\u0440\u0438\u043e\u0431\u0440\u0435\u0441\u0442\u0438 \u0432\u0441\u0435 \u043d\u0435\u043e\u0431\u0445\u043e\u0434\u0438\u043c\u044b\u0435 \u043d\u0430\u0432\u044b\u043a\u0438 \u0434\u043b\u044f \u0441\u0432\u043e\u0435\u0439 \u0436\u0438\u0437\u043d\u0438, \u043d\u043e \u0438 \u0441\u043e\u0437\u0434\u0430\u0442\u044c \u043f\u0440\u0430\u0432\u0438\u043b\u044c\u043d\u044b\u0435 \u0446\u0435\u043d\u043d\u043e\u0441\u0442\u0438 \u0434\u043b\u044f \u0440\u0430\u0437\u0432\u0438\u0442\u0438\u044f \u0438 \u043b\u0438\u0447\u043d\u043e\u0441\u0442\u043d\u043e\u0433\u043e \u0440\u043e\u0441\u0442\u0430. \u041b\u044e\u0431\u043e\u0432\u044c \u0438 \u0441\u043e\u0441\u0442\u0440\u0430\u0434\u0430\u043d\u0438\u0435 \u043a \u0431\u043b\u0438\u0436\u043d\u0435\u043c\u0443, \u0443\u0432\u0430\u0436\u0435\u043d\u0438\u0435 \u043a \u0441\u0435\u0431\u0435 \u0438 \u043a \u0434\u0440\u0443\u0433\u0438\u043c, \u0443\u0441\u0435\u0440\u0434\u0438\u0435, \u043f\u043e\u043c\u043e\u0449\u044c \u0441\u043b\u0430\u0431\u043e\u043c\u0443, \u0447\u0443\u0432\u0441\u0442\u0432\u043e \u043e\u0442\u0432\u0435\u0442\u0441\u0442\u0432\u0435\u043d\u043d\u043e\u0441\u0442\u0438 \u2013 \u044d\u0442\u043e \u0442\u0435 x\u0440\u0438\u0441\u0442\u0438\u0430\u043d\u0441\u043a\u0438\u0435 \u0446\u0435\u043d\u043d\u043e\u0441\u0442\u0438, \u043a\u043e\u0442\u043e\u0440\u044b\u0435 \u0432\u043e\u0441\u043f\u0438\u0442\u044b\u0432\u0430\u0435\u0442 \u0448\u043a\u043e\u043b\u0430 \u0443 \u043c\u043e\u043b\u043e\u0434\u043e\u0433\u043e \u043f\u043e\u043a\u043e\u043b\u0435\u043d\u0438\u044f. \u041c\u044b\u2026<\/p>\n","protected":false},"author":1,"featured_media":0,"parent":0,"menu_order":0,"comment_status":"closed","ping_status":"closed","template":"","meta":{"footnotes":""},"_links":{"self":[{"href":"https:\/\/vaivorykstestakas.lt\/index.php?rest_route=\/wp\/v2\/pages\/314"}],"collection":[{"href":"https:\/\/vaivorykstestakas.lt\/index.php?rest_route=\/wp\/v2\/pages"}],"about":[{"href":"https:\/\/vaivorykstestakas.lt\/index.php?rest_route=\/wp\/v2\/types\/page"}],"author":[{"embeddable":true,"href":"https:\/\/vaivorykstestakas.lt\/index.php?rest_route=\/wp\/v2\/users\/1"}],"replies":[{"embeddable":true,"href":"https:\/\/vaivorykstestakas.lt\/index.php?rest_route=%2Fwp%2Fv2%2Fcomments&post=314"}],"version-history":[{"count":0,"href":"https:\/\/vaivorykstestakas.lt\/index.php?rest_route=\/wp\/v2\/pages\/314\/revisions"}],"wp:attachment":[{"href":"https:\/\/vaivorykstestakas.lt\/index.php?rest_route=%2Fwp%2Fv2%2Fmedia&parent=314"}],"curies":[{"name":"wp","href":"https:\/\/api.w.org\/{rel}","templated":true}]}}