{"id":322,"date":"2018-11-13T12:40:27","date_gmt":"2018-11-13T12:40:27","guid":{"rendered":"http:\/\/newsite.vaivorykstestakas.lt\/wordpress\/?page_id=322"},"modified":"2025-07-30T06:16:37","modified_gmt":"2025-07-30T06:16:37","slug":"vizija-ir-misija","status":"publish","type":"page","link":"https:\/\/vaivorykstestakas.lt\/?page_id=322","title":{"rendered":"Vizija ir misija, vertyb\u0117s"},"content":{"rendered":"\n<h4 class=\"wp-block-heading\"><\/h4>\n\n\n\n<p>Mokyklos vizija:<br>Kiekvienam mokiniui, pagal jo galimybes, suteikti ger\u0105 akademin\u012f i\u0161silavinim\u0105, paremt\u0105 krik\u0161\u010dioni\u0161komis vertyb\u0117mis.<br> Mokyklos misija:<br> Doras, atsakingas, gebantis kriti\u0161kai m\u0105styti ir k\u016brybi\u0161kas absolventas.<br>Mokyklos vertyb\u0117s:<br>Meil\u0117, asmens ir tik\u0117jimo laisv\u0117, teisingumas, pagarba kiekvienam, nesilyginimas ir nesivar\u017eymas, svetingumas. Vertybi\u0173 pagrindas &#8211; Biblija.<\/p>\n\n\n\n<p><br><\/p>\n\n\n\n<hr class=\"wp-block-separator has-alpha-channel-opacity\"\/>\n\n\n\n<p>PA\u017dINDAMI SAVO K\u016aR\u0116J\u0104&nbsp; &nbsp;IR&nbsp; &nbsp;PRIIMDAMI JO MEIL\u0118, ATSPINDIME&nbsp; J\u012e IR&nbsp; PANA\u0160\u0116JAME \u012e J\u012e<\/p>\n\n\n\n<p><strong>\u201eVaivoryk\u0161t\u0117s tako\u201c gimnazijos mokinio portretas<\/strong><\/p>\n\n\n\n<p class=\"has-vivid-red-color has-text-color has-link-color wp-elements-e448aca40005a76b189cd8bc7288f011\"><strong>\u201eDievas suk\u016br\u0117 \u017emog\u0173 pagal savo atvaizd\u0105 ir pana\u0161um\u0105.\u201c&nbsp;<\/strong>Prad\u017eios knyga 1,26<\/p>\n\n\n\n<p><strong>MOKINIO PORTRETAS<\/strong><\/p>\n\n\n\n<p><strong>TIKINTIS<\/strong><\/p>\n\n\n\n<p><em>\u201c<\/em>Tik\u0117jimas &#8211; i\u0161 klausymo, klausymas &#8211; i\u0161 Dievo \u017eod\u017eio.\u201c<em>&nbsp; Romie\u010diams 10, 1-17<\/em><\/p>\n\n\n\n<p><strong>MYLINTIS<\/strong><\/p>\n\n\n\n<p><sup>\u201c<\/sup>Kas nemyli, tas nepa\u017eino Dievo, nes Dievas yra meil\u0117.\u201d1 Jono 4,8<\/p>\n\n\n\n<p><strong>GAILESTINGAS<\/strong><\/p>\n\n\n\n<p>\u201cB\u016bkite gailestingi, kaip ir j\u016bs\u0173 T\u0117vas yra gailestingas.\u201dLuko 6,36<\/p>\n\n\n\n<p><strong>NUOLANKUS<\/strong><\/p>\n\n\n\n<p>\u201cDievas i\u0161didiems prie\u0161inasi, o nuolankiesiems teikia malon\u0119.\u201c1 Petro 5, 5<\/p>\n\n\n\n<p><strong>TEISINGAS<\/strong><\/p>\n\n\n\n<p>\u201eTu m\u0117gsti ties\u0105 \u0161irdyje ir slaptoje mokai mane i\u0161minties.\u201c Psalmi\u0173 51,6<\/p>\n\n\n\n<p><strong>PASIAUKOJANTIS<\/strong><\/p>\n\n\n\n<p>\u201eD\u0117l Dievo gailestingumo raginu jus, aukoti savo k\u016bnus kaip gyv\u0105, \u0161vent\u0105, Dievui patinkan\u010di\u0105 auk\u0105, kaip dvasin\u012f garbinim\u0105.\u201c Hebrajams 12,1<\/p>\n\n\n\n<p><strong>PAGARBUS<\/strong><\/p>\n\n\n\n<p>\u201cPagarbi Vie\u0161paties baim\u0117 yra i\u0161minties prad\u017eia.\u201dPatarli\u0173 1,7<\/p>\n\n\n\n<p><strong>TARNAUJANTIS<\/strong><\/p>\n\n\n\n<p>\u201eDievas n\u0117ra neteisingas ir nepamir\u0161 j\u016bs\u0173 darbo ir meil\u0117s tri\u016bso, kur\u012f parod\u0117te Jo vardui, kai tarnavote ir tebetarnaujate \u0161ventiesiems.\u201c Hebrajams 6,10<\/p>\n\n\n\n<p><strong>DR\u0104SUS<\/strong><\/p>\n\n\n\n<p>\u201cTod\u0117l dr\u0105siai artinkim\u0117s prie malon\u0117s sosto, kad gautume gailestingum\u0105 ir rastume malon\u0119 pagalbai reikiamu metu.\u201c Hebrajams 4,16<\/p>\n\n\n\n<p><strong>I\u0160TVERMINGAS<\/strong><\/p>\n\n\n\n<p>\u201cI\u0161tvermingai b\u0117kime mums paskirtose lenktyn\u0117se.\u201d Hebrajams 12,1<\/p>\n\n\n\n<p class=\"has-vivid-red-color has-text-color has-link-color wp-elements-f30d6b371ef398c2870b42bdf93e17bd\"><strong><em>\u201eEsu tikras, kad Tas, kuris jumyse prad\u0117jo ger\u0105 darb\u0105, j\u012f ir pabaigs iki J\u0117zaus Kristaus dienos.\u201c<\/em><\/strong><em>&nbsp;&nbsp;Filipie\u010diams 1,6<\/em><\/p>\n","protected":false},"excerpt":{"rendered":"<p>Mokyklos vizija:Kiekvienam mokiniui, pagal jo galimybes, suteikti ger\u0105 akademin\u012f i\u0161silavinim\u0105, paremt\u0105 krik\u0161\u010dioni\u0161komis vertyb\u0117mis. Mokyklos misija: Doras, atsakingas, gebantis kriti\u0161kai m\u0105styti ir k\u016brybi\u0161kas absolventas.Mokyklos vertyb\u0117s:Meil\u0117, asmens ir tik\u0117jimo laisv\u0117, teisingumas, pagarba kiekvienam, nesilyginimas ir nesivar\u017eymas, svetingumas. Vertybi\u0173 pagrindas \u2013 Biblija. PA\u017dINDAMI SAVO K\u016aR\u0116J\u0104 IR PRIIMDAMI JO MEIL\u0118, ATSPINDIME J\u012e IR PANA\u0160\u0116JAME \u012e J\u012e \u201eVaivoryk\u0161t\u0117s tako\u201c gimnazijos mokinio portretas \u201eDievas suk\u016br\u0117 \u017emog\u0173 pagal savo atvaizd\u0105 ir pana\u0161um\u0105.\u201c Prad\u017eios knyga 1,26 MOKINIO PORTRETAS TIKINTIS \u201cTik\u0117jimas \u2013 i\u0161 klausymo, klausymas \u2013 i\u0161 Dievo \u017eod\u017eio.\u201c Romie\u010diams\u2026<\/p>\n","protected":false},"author":1,"featured_media":0,"parent":314,"menu_order":0,"comment_status":"closed","ping_status":"closed","template":"","meta":{"footnotes":""},"_links":{"self":[{"href":"https:\/\/vaivorykstestakas.lt\/index.php?rest_route=\/wp\/v2\/pages\/322"}],"collection":[{"href":"https:\/\/vaivorykstestakas.lt\/index.php?rest_route=\/wp\/v2\/pages"}],"about":[{"href":"https:\/\/vaivorykstestakas.lt\/index.php?rest_route=\/wp\/v2\/types\/page"}],"author":[{"embeddable":true,"href":"https:\/\/vaivorykstestakas.lt\/index.php?rest_route=\/wp\/v2\/users\/1"}],"replies":[{"embeddable":true,"href":"https:\/\/vaivorykstestakas.lt\/index.php?rest_route=%2Fwp%2Fv2%2Fcomments&post=322"}],"version-history":[{"count":0,"href":"https:\/\/vaivorykstestakas.lt\/index.php?rest_route=\/wp\/v2\/pages\/322\/revisions"}],"up":[{"embeddable":true,"href":"https:\/\/vaivorykstestakas.lt\/index.php?rest_route=\/wp\/v2\/pages\/314"}],"wp:attachment":[{"href":"https:\/\/vaivorykstestakas.lt\/index.php?rest_route=%2Fwp%2Fv2%2Fmedia&parent=322"}],"curies":[{"name":"wp","href":"https:\/\/api.w.org\/{rel}","templated":true}]}}