{"id":346,"date":"2018-11-13T12:49:35","date_gmt":"2018-11-13T12:49:35","guid":{"rendered":"http:\/\/newsite.vaivorykstestakas.lt\/wordpress\/?page_id=346"},"modified":"2025-02-20T11:03:35","modified_gmt":"2025-02-20T11:03:35","slug":"kontaktai","status":"publish","type":"page","link":"https:\/\/vaivorykstestakas.lt\/?page_id=346","title":{"rendered":"Kontaktai"},"content":{"rendered":"\n<p>Adresas:\u00a0 Sportinink\u0173 g. 11, Klaip\u0117da<br>Tel. (+370 46) 340 415<br>El pa\u0161tas.:\u00a0<a href=\"mailto:rastine@vaivorykstestakas.lt\">rastine@vaivorykstestakas.lt<\/a><\/p>\n\n\n\n<p><strong>Gimnazijos administracija:<\/strong><\/p>\n\n\n\n<p>Direktor\u0117 <br>D\u017eiuljeta Ge\u010dien\u0117 &#8211; tel. (+370 46) 416 043, mob. +370 600 26 631<\/p>\n\n\n\n<p><br>Pavaduotoja ugdymui ir personalui <br>R\u016bta Milerien\u0117 &#8211; tel. (+370 46) 416 048, mob. +370 675 72 490<\/p>\n\n\n\n<p>Pavaduotojas <br>Gintaras \u0160aparnis &#8211; mob. +370 698 26 289<br><br><\/p>\n\n\n\n<p> <br> Administrator\u0117<br>Milda Maslauskien\u0117 &#8211; tel. (+370 46) 340 415<br> <\/p>\n\n\n\n<p>Vyr. finansininkas <br> Art\u016bras Pundzius &#8211; tel. (+370 46) 416 044   <br>   <\/p>\n\n\n\n<p>Apskaitinink\u0117 <br>Jovita Kesylien\u0117 &#8211;  tel. (+370 46) 416 044l.<br>el.pa\u0161tas buhalterija@vaivorykstestakas.lt<br> <\/p>\n\n\n\n<p><\/p>\n\n\n\n<p><\/p>\n\n\n\n<p><\/p>\n\n\n\n<p><\/p>\n\n\n\n<p><\/p>\n\n\n\n<p><\/p>\n\n\n\n<p><\/p>\n\n\n\n<p><\/p>\n","protected":false},"excerpt":{"rendered":"<p>Adresas: Sportinink\u0173 g. 11, Klaip\u0117daTel. (+370 46) 340 415El pa\u0161tas.: rastine@vaivorykstestakas.lt Gimnazijos administracija: Direktor\u0117 D\u017eiuljeta Ge\u010dien\u0117 \u2013 tel. (+370 46) 416 043, mob. +370 600 26 631 Pavaduotoja ugdymui ir personalui R\u016bta Milerien\u0117 \u2013 tel. (+370 46) 416 048, mob. +370 675 72 490 Pavaduotojas Gintaras \u0160aparnis \u2013 mob. +370 698 26 289 Administrator\u0117Milda Maslauskien\u0117 \u2013 tel. (+370 46) 340 415 Vyr. finansininkas Art\u016bras Pundzius \u2013 tel. (+370 46) 416 044 Apskaitinink\u0117 Jovita Kesylien\u0117 \u2013 tel. (+370 46) 416 044l.el.pa\u0161tas buhalterija@vaivorykstestakas.lt<\/p>\n","protected":false},"author":1,"featured_media":0,"parent":342,"menu_order":0,"comment_status":"closed","ping_status":"closed","template":"","meta":{"footnotes":""},"_links":{"self":[{"href":"https:\/\/vaivorykstestakas.lt\/index.php?rest_route=\/wp\/v2\/pages\/346"}],"collection":[{"href":"https:\/\/vaivorykstestakas.lt\/index.php?rest_route=\/wp\/v2\/pages"}],"about":[{"href":"https:\/\/vaivorykstestakas.lt\/index.php?rest_route=\/wp\/v2\/types\/page"}],"author":[{"embeddable":true,"href":"https:\/\/vaivorykstestakas.lt\/index.php?rest_route=\/wp\/v2\/users\/1"}],"replies":[{"embeddable":true,"href":"https:\/\/vaivorykstestakas.lt\/index.php?rest_route=%2Fwp%2Fv2%2Fcomments&post=346"}],"version-history":[{"count":0,"href":"https:\/\/vaivorykstestakas.lt\/index.php?rest_route=\/wp\/v2\/pages\/346\/revisions"}],"up":[{"embeddable":true,"href":"https:\/\/vaivorykstestakas.lt\/index.php?rest_route=\/wp\/v2\/pages\/342"}],"wp:attachment":[{"href":"https:\/\/vaivorykstestakas.lt\/index.php?rest_route=%2Fwp%2Fv2%2Fmedia&parent=346"}],"curies":[{"name":"wp","href":"https:\/\/api.w.org\/{rel}","templated":true}]}}