{"id":364,"date":"2018-11-13T12:54:32","date_gmt":"2018-11-13T12:54:32","guid":{"rendered":"http:\/\/newsite.vaivorykstestakas.lt\/wordpress\/?page_id=364"},"modified":"2022-02-05T09:57:21","modified_gmt":"2022-02-05T09:57:21","slug":"metine-veiklos-programa-2017-2018","status":"publish","type":"page","link":"https:\/\/vaivorykstestakas.lt\/?page_id=364","title":{"rendered":"Elgesio taisykl\u0117s"},"content":{"rendered":"\n<h3 class=\"wp-block-heading\">V\u0161\u012e \u201eVaivoryk\u0161t\u0117s tako\u201c gimnazijos mokini\u0173&nbsp;elgesio taisykl\u0117s<\/h3>\n\n\n\n<blockquote class=\"wp-block-quote\"><p>\u201eTaip pat j\u016bs, jaunesnieji, b\u016bkite klusn\u016bs vyresniesiems. Ir visi, paklusdami vieni kitiems, apsivilkite nuolankumu, nes \u201eDievas i\u0161didiesiems prie\u0161inasi, o nuolankiesiems teikia malon\u0119\u201c (\u0160v. Ra\u0161tas)<\/p><\/blockquote>\n\n\n\n<ol><li>Mokinys privalo laikytis gimnazijoje  elgesio norm\u0173, paremt\u0173 krik\u0161\u010dioni\u0161komis vertyb\u0117mis. <\/li><li>Mokinys privalo gerbti gimnazijos bendruomen\u0117s narius, sve\u010dius; gerbti ir saugoti gimnazijos vard\u0105.<\/li><li>Mokinys privalo laiku ateiti \u012f pamokas ir kitus u\u017esi\u0117mimus, b\u016bti aktyvus, tur\u0117ti visas mokymuisi b\u016btinas priemones (knygas, s\u0105siuvinius, ra\u0161ymo priemones, pratyb\u0173 s\u0105siuvinius, atlasus, sportin\u0119 aprang\u0105, dail\u0117s priemones ir kt.), stropiai mokytis. <\/li><li>Mokinys privalo \u012f mokykl\u0105 ateiti tvarkingai, \u0161variai ir nei\u0161\u0161aukian\u010diai apsireng\u0119s, d\u0117v\u0117ti uniform\u0105, laikytis asmens higienos reikalavim\u0173. Vir\u0161utinius r\u016bbus (paltus, striukes, kailinius, puspal\u010dius, lietpal\u010dius ir kt.) pamok\u0173 metu laikyti asmenin\u0117je spintel\u0117je. <\/li><li>Mokinys privalo pamokos metu laikytis mokytojo nustatytos darbo pamokoje tvarkos, atlikti visas mokytojo skiriamas klas\u0117s ir nam\u0173 u\u017eduotis, netrukdyti dirbti kitiems mokiniams,  neu\u017esiimti pa\u0161aline, nesusijusia su mokymo procesu veikla (ne\u017eaisti, nera\u0161in\u0117ti ra\u0161teli\u0173, nekalb\u0117ti su draugais, draud\u017eiama kramtyti kramtom\u0105j\u0105 gum\u0105, be mokytojo leidimo valgyti, gerti g\u0117rimus, naudotis mobiliaisiais \u012frenginiais).<\/li><li>Mokinys privalo tausoti ir saugoti asmenin\u012f, kit\u0173 mokini\u0173 ir gimnazijos turt\u0105 (inventori\u0173, patalpas, baldus, vadov\u0117lius ir kitas mokymo priemones. Padaryt\u0105 \u017eal\u0105 privalo atlyginti mokinys ir jo t\u0117vai (glob\u0117jai). Mokinys, pasteb\u0117j\u0119s sugadint\u0105 arba gadinam\u0105 gimnazijos turt\u0105, privalo prane\u0161ti apie tai gimnazijos administracijai).<\/li><li>Mokiniui draud\u017eiama praleisti pamokas be pateisinamos prie\u017easties. (Praleistos pamokos turi b\u016bti pateisintos ra\u0161tu ne v\u0117liau kaip per 3 dienas nuo gr\u012f\u017eimo \u012f mokykl\u0105. T\u0117vai gali pateisinti ne daugiau kaip 3 dienas.)<\/li><li>Pertrauk\u0173 metu mokiniams draud\u017eiama naudotis mobiliaisiais telefonais ir kita asmenine garso, vaizdo bei kompiuterine technika (pa\u017eeidus \u0161i\u0105 taisykl\u0119 antr\u0105 kart\u0105, be \u012fsp\u0117jimo prietaisas gali b\u016bti atimamas ir gr\u0105\u017einamas t\u0117vams). Mokykloje draud\u017eiama slapta filmuoti, fotografuoti, \u012fra\u0161in\u0117ti kit\u0173 asmen\u0173 (mokini\u0173, mokytoj\u0173) veikl\u0105 ir pokalbius, garsiai klausytis muzikos. Gimnazijoje draud\u017eiama \u017eaisti azartinius \u017eaidimus. <\/li><li>Pertrauk\u0173 metu klas\u0117s turi b\u016bti v\u0117dinamos, mokiniai privalo i\u0161eiti i\u0161 klas\u0117s, koridoriuose mokiniams draud\u017eiama, b\u0117gioti, \u0161iuk\u0161linti, stumdytis. U\u017e piktybi\u0161k\u0105 \u0161iuk\u0161linim\u0105 gimnazijoje ir gimnazijos teritorijoje bus paskirta sutvarkyti dal\u012f gimnazijos teritorijos.<\/li><li>Ugdymo proceso metu mokiniui draud\u017eiama i\u0161eiti i\u0161 gimnazijos teritorijos. I\u0161imtis: kai pamokos vyksta kitose patalpose, gimnazini\u0173 klasi\u0173 mokiniai, turintys ra\u0161ti\u0161kus t\u0117v\u0173 leidimus.<\/li><li>Valgykloje privaloma  elgtis drausmingai, laikantis nustatytos tvarkos.<\/li><li>Draud\u017eiama smurtauti, reketuoti, ty\u010diotis, apkalbin\u0117ti, vartoti necenz\u016brinius \u017eod\u017eius, pe\u0161tis, b\u0117gioti po mokykl\u0105 ir pan. Nedelsiant informuoti gimnazijos darbuotojus apie mokykloje ar jos teritorijoje vykstan\u010dias mu\u0161tynes, paty\u010dias, kitas pavojingas veikas.<\/li><li>Mokiniui draud\u017eiama \u012f mokykl\u0105 atsine\u0161ti nesaugi\u0173, gyvybei pavojing\u0173 daikt\u0173 (peiliuk\u0173, degtuk\u0173, petard\u0173, \u0161aunam\u0173j\u0173 ginkl\u0173 ir pan.). Sveikatai kenkian\u010di\u0173 maisto produkt\u0173, g\u0117rim\u0173 (tra\u0161ku\u010di\u0173, \u201eCoca colos\u201c).<\/li><li>Mokykloje ir jos teritorijoje draud\u017eiama r\u016bkyti, vartoti svaigalus, narkotines ir psichotropines med\u017eiagas, atsine\u0161ti jas \u012f mokykl\u0105 bei platinti. (Pa\u017eeidus \u0161i\u0105 taisykl\u0119, nagrin\u0117jamas klausimas d\u0117l mokinio pa\u0161alinimo i\u0161 gimnazijos).<\/li><li>Pasibaigus pamokoms ir u\u017eklasinei veiklai mokinys privalo saugiai gr\u012f\u017eti namo, pageidaujant t\u0117vams mokinys gali likti mokykloje popietin\u0117se u\u017eimtumo grup\u0117se. Draud\u017eiama pasilikti mokykloje po pamok\u0173 be mokyklos darbuotoj\u0173 prie\u017ei\u016bros.<\/li><\/ol>\n\n\n\n<div style=\"height:20px\" aria-hidden=\"true\" class=\"wp-block-spacer\"><\/div>\n\n\n\n<hr class=\"wp-block-separator\"\/>\n\n\n\n<ul><li>Mokinius drausminti gali gimnazijos pedagogai, administracijos darbuotojai \u0161iomis priemon\u0117mis: 1) \u017eodinis \u012fsp\u0117jimas; 2) palikimas po pamok\u0173; 3) drausm\u0117s pa\u017eeidimo pa\u017eymos sura\u0161ymas; 4)  t\u0117v\u0173 informavimas; 5) pa\u0161alinimas i\u0161 pamokos (\u0173), renginio (i\u0173);  6) mokinio elgesio svarstymas Administracijos komisijoje; 7) mokinio elgesio svarstymas Vaiko gerov\u0117s komisijoje.<\/li><li>Mokytojas pamok\u0173 metu sura\u0161\u0119s mokiniui drausm\u0117s pa\u017eeidimo akt\u0105 u\u017e Mokinio elgesio taisykli\u0173  nesilaikym\u0105  siun\u010dia mokin\u012f pas pavaduotoj\u0105 \u012f pokalb\u012f. Mokytojas privalo t\u0105 pa\u010di\u0105 dien\u0105 skambu\u010diu informuoti t\u0117vus   apie \u012fvykus\u012f drausm\u0117s pa\u017eeidim\u0105.<\/li><li>Mokinys gali b\u016bti paliekamas po pamok\u0173 (nustatyt\u0105 dien\u0105), jeigu: 1) nevilki uniformos gimnazijoje pamok\u0173 ir pertrauk\u0173 metu; 2) be mokytojo leidimo naudojasi mobiliuoju telefonu; 3) vartojo necenz\u016brinius \u017eod\u017eius; 4) i\u0161\u0117jo u\u017e gimnazijos teritorijos; 4) nevykd\u0117 bud\u0117tojo nurodymo; 5) ar kitais \u0161iose taisykl\u0117se numatytais atvejais.<\/li><li>Po 3 u\u017efiksuot\u0173 drausm\u0117s pa\u017eeidim\u0173 kvie\u010diami mokinio t\u0117vai \u012f pokalb\u012f su klas\u0117s aukl\u0117toju ir pavaduotoju.<\/li><li>Mokiniui ir toliau pa\u017eeidin\u0117jant mokinio elgesio taisykles (pakartotinai u\u017efiksavus 3 drausm\u0117s pa\u017eeidimus) jo elgesys ir tolimesnio mokymosi gimnazijoje galimyb\u0117s svarstomos Vaiko gerov\u0117s komisijos pos\u0117dyje. Pos\u0117d\u017eio nutarimu gali b\u016bti si\u016bloma gimnazijos direktoriui skirti mokiniui drausmin\u0119 nuobaud\u0105 ar taikyti kitas poveikio priemones.<\/li><li>Drausmines nuobaudas skiria gimnazijos direktorius: 1. papeikim\u0105; 2. grie\u017et\u0105 papeikim\u0105; 3. \u0161alina i\u0161 gimnazijos.<\/li><li>Situacijai nepager\u0117jus gimnazijos direktorius priima sprendim\u0105 d\u0117l mokinio \u0161alinimo i\u0161 gimnazijos. <\/li><\/ul>\n\n\n\n<p><strong>U\u017e mokini\u0173 taisykli\u0173 laikym\u0105si atsakingi visi\nmokyklos mokiniai, mokytojai ir administracija.<\/strong><strong><\/strong><\/p>\n","protected":false},"excerpt":{"rendered":"<p>V\u0161\u012e \u201eVaivoryk\u0161t\u0117s tako\u201c gimnazijos mokini\u0173 elgesio taisykl\u0117s \u201eTaip pat j\u016bs, jaunesnieji, b\u016bkite klusn\u016bs vyresniesiems. Ir visi, paklusdami vieni kitiems, apsivilkite nuolankumu, nes \u201eDievas i\u0161didiesiems prie\u0161inasi, o nuolankiesiems teikia malon\u0119\u201c (\u0160v. Ra\u0161tas) Mokinys privalo laikytis gimnazijoje elgesio norm\u0173, paremt\u0173 krik\u0161\u010dioni\u0161komis vertyb\u0117mis. Mokinys privalo gerbti gimnazijos bendruomen\u0117s narius, sve\u010dius; gerbti ir saugoti gimnazijos vard\u0105. Mokinys privalo laiku ateiti \u012f pamokas ir kitus u\u017esi\u0117mimus, b\u016bti aktyvus, tur\u0117ti visas mokymuisi b\u016btinas priemones (knygas, s\u0105siuvinius, ra\u0161ymo priemones, pratyb\u0173 s\u0105siuvinius, atlasus, sportin\u0119 aprang\u0105, dail\u0117s priemones ir kt.),\u2026<\/p>\n","protected":false},"author":1,"featured_media":0,"parent":360,"menu_order":0,"comment_status":"closed","ping_status":"closed","template":"","meta":{"footnotes":""},"_links":{"self":[{"href":"https:\/\/vaivorykstestakas.lt\/index.php?rest_route=\/wp\/v2\/pages\/364"}],"collection":[{"href":"https:\/\/vaivorykstestakas.lt\/index.php?rest_route=\/wp\/v2\/pages"}],"about":[{"href":"https:\/\/vaivorykstestakas.lt\/index.php?rest_route=\/wp\/v2\/types\/page"}],"author":[{"embeddable":true,"href":"https:\/\/vaivorykstestakas.lt\/index.php?rest_route=\/wp\/v2\/users\/1"}],"replies":[{"embeddable":true,"href":"https:\/\/vaivorykstestakas.lt\/index.php?rest_route=%2Fwp%2Fv2%2Fcomments&post=364"}],"version-history":[{"count":0,"href":"https:\/\/vaivorykstestakas.lt\/index.php?rest_route=\/wp\/v2\/pages\/364\/revisions"}],"up":[{"embeddable":true,"href":"https:\/\/vaivorykstestakas.lt\/index.php?rest_route=\/wp\/v2\/pages\/360"}],"wp:attachment":[{"href":"https:\/\/vaivorykstestakas.lt\/index.php?rest_route=%2Fwp%2Fv2%2Fmedia&parent=364"}],"curies":[{"name":"wp","href":"https:\/\/api.w.org\/{rel}","templated":true}]}}