{"id":382,"date":"2018-11-13T12:59:30","date_gmt":"2018-11-13T12:59:30","guid":{"rendered":"http:\/\/newsite.vaivorykstestakas.lt\/wordpress\/?page_id=382"},"modified":"2026-02-27T11:26:03","modified_gmt":"2026-02-27T11:26:03","slug":"maitinimas","status":"publish","type":"page","link":"https:\/\/vaivorykstestakas.lt\/?page_id=382","title":{"rendered":"Maitinimas"},"content":{"rendered":"\n<p> <\/p>\n\n\n\n<p>V\u0161\u012e \u201eVaivoryk\u0161t\u0117s tako\u201c gimnazijai  maitinimo paslaugas teikia UAB \u201eVaterlinija\u201c  &#8211; kavin\u0117 \u201eLaineris\u201c (Tel. (8 46) 271 404). Piet\u016bs kasdien  atve\u017eami termosuose. Su savait\u0117s valgiara\u0161\u010diu galima susipa\u017einti mokyklos svetain\u0117je.<\/p>\n\n\n\n<p>Piet\u016bs 1 \u2013 4 kl. \u2013 3,00 Eur.<br> Piet\u016bs 5 \u2013 8, I \u2013 IV gimnazijos kl. 3,40 Eur.<br> Sriuba \u2013 0,65 Eur.<\/p>\n\n\n\n<p>Vaik\u0173 maitinimo organizavimo tvarkos apra\u0161as:<\/p>\n\n\n\n<p><a href=\"https:\/\/e-seimas.lrs.lt\/portal\/legalAct\/lt\/TAD\/TAIS.411986\/asr\">https:\/\/e-seimas.lrs.lt\/portal\/legalAct\/lt\/TAD\/TAIS.411986\/asr<\/a><\/p>\n\n\n\n<p>VALGYMO GRAFIKAS<\/p>\n\n\n\n<p>PUSRY\u010cI\u0172 VALGYMO GRAFIKAS (Pusry\u010dius mokiniai ne\u0161asi i\u0161 nam\u0173) nuo 2025-09-09<\/p>\n\n\n\n<p>8:55 \u2013 9:15 VAL. \u20131 KLAS\u0116<\/p>\n\n\n\n<p>9:15 \u2013 9:25 VAL. \u2013 2-4 KLAS\u0116S<\/p>\n\n\n\n<p>PIET\u0172 VALGYMO GRAFIKAS nuo 2025-09-09<\/p>\n\n\n\n<p>11:40 \u2013 12:00 VAL. \u2013 1 KLAS\u0116S<\/p>\n\n\n\n<p>12:00 \u2013 12:30 VAL. \u2013 5 &#8211; 8, I &#8211; IV GIMNAZIJOS KLAS\u0116S<\/p>\n\n\n\n<p>13:10 \u2013 13:25 VAL. \u2013 2, 3 ir 4 KLAS\u0116S<\/p>\n\n\n\n<p class=\"has-regular-font-size\">*Penktadieniais 2 KLAS\u0116S mokiniai pietauja 11:05 VAL.<\/p>\n\n\n\n<p>PAVAKARI\u0172 VALGYMO GRAFIKAS nuo 2025-09-06<\/p>\n\n\n\n<p>15:00 \u2013 16:00 VAL.<\/p>\n\n\n\n<p><br><br><\/p>\n\n\n\n<p>Meniu:<\/p>\n\n\n\n<div class=\"wp-block-file\"><a id=\"wp-block-file--media-0bb23a74-9dad-4c75-a483-867ca321fc4f\" href=\"https:\/\/vaivorykstestakas.lt\/wp-content\/uploads\/2026\/02\/6-10-metu-vaiku-20-dienu-maitinimo-valgiarastis.pdf\">6-10 met\u0173 vaik\u0173 20 dien\u0173 maitinimo valgiara\u0161tis<\/a><a href=\"https:\/\/vaivorykstestakas.lt\/wp-content\/uploads\/2026\/02\/6-10-metu-vaiku-20-dienu-maitinimo-valgiarastis.pdf\" class=\"wp-block-file__button wp-element-button\" download aria-describedby=\"wp-block-file--media-0bb23a74-9dad-4c75-a483-867ca321fc4f\">Parsisi\u0173sti<\/a><\/div>\n\n\n\n<div class=\"wp-block-file\"><a id=\"wp-block-file--media-b0b4ec37-7187-4d24-9008-d9af2876ee9c\" href=\"https:\/\/vaivorykstestakas.lt\/wp-content\/uploads\/2026\/02\/11-m.-ir-vyresniu-vaiku-2-dienu-maitinimo-valgiarastis.pdf\">11 m. ir vyresni\u0173 vaik\u0173 2 dien\u0173 maitinimo valgiara\u0161tis<\/a><a href=\"https:\/\/vaivorykstestakas.lt\/wp-content\/uploads\/2026\/02\/11-m.-ir-vyresniu-vaiku-2-dienu-maitinimo-valgiarastis.pdf\" class=\"wp-block-file__button wp-element-button\" download aria-describedby=\"wp-block-file--media-b0b4ec37-7187-4d24-9008-d9af2876ee9c\">Parsisi\u0173sti<\/a><\/div>\n","protected":false},"excerpt":{"rendered":"<p>V\u0161\u012e \u201eVaivoryk\u0161t\u0117s tako\u201c gimnazijai maitinimo paslaugas teikia UAB \u201eVaterlinija\u201c \u2013 kavin\u0117 \u201eLaineris\u201c (Tel. (8 46) 271 404). Piet\u016bs kasdien atve\u017eami termosuose. Su savait\u0117s valgiara\u0161\u010diu galima susipa\u017einti mokyklos svetain\u0117je. Piet\u016bs 1 \u2013 4 kl. \u2013 3,00 Eur. Piet\u016bs 5 \u2013 8, I \u2013 IV gimnazijos kl. 3,40 Eur. Sriuba \u2013 0,65 Eur. Vaik\u0173 maitinimo organizavimo tvarkos apra\u0161as: https:\/\/e-seimas.lrs.lt\/portal\/legalAct\/lt\/TAD\/TAIS.411986\/asr VALGYMO GRAFIKAS PUSRY\u010cI\u0172 VALGYMO GRAFIKAS (Pusry\u010dius mokiniai ne\u0161asi i\u0161 nam\u0173) nuo 2025-09-09 8:55 \u2013 9:15 VAL. \u20131 KLAS\u0116 9:15 \u2013 9:25 VAL. \u2013\u2026<\/p>\n","protected":false},"author":1,"featured_media":0,"parent":376,"menu_order":0,"comment_status":"closed","ping_status":"closed","template":"","meta":{"footnotes":""},"_links":{"self":[{"href":"https:\/\/vaivorykstestakas.lt\/index.php?rest_route=\/wp\/v2\/pages\/382"}],"collection":[{"href":"https:\/\/vaivorykstestakas.lt\/index.php?rest_route=\/wp\/v2\/pages"}],"about":[{"href":"https:\/\/vaivorykstestakas.lt\/index.php?rest_route=\/wp\/v2\/types\/page"}],"author":[{"embeddable":true,"href":"https:\/\/vaivorykstestakas.lt\/index.php?rest_route=\/wp\/v2\/users\/1"}],"replies":[{"embeddable":true,"href":"https:\/\/vaivorykstestakas.lt\/index.php?rest_route=%2Fwp%2Fv2%2Fcomments&post=382"}],"version-history":[{"count":2,"href":"https:\/\/vaivorykstestakas.lt\/index.php?rest_route=\/wp\/v2\/pages\/382\/revisions"}],"predecessor-version":[{"id":6598,"href":"https:\/\/vaivorykstestakas.lt\/index.php?rest_route=\/wp\/v2\/pages\/382\/revisions\/6598"}],"up":[{"embeddable":true,"href":"https:\/\/vaivorykstestakas.lt\/index.php?rest_route=\/wp\/v2\/pages\/376"}],"wp:attachment":[{"href":"https:\/\/vaivorykstestakas.lt\/index.php?rest_route=%2Fwp%2Fv2%2Fmedia&parent=382"}],"curies":[{"name":"wp","href":"https:\/\/api.w.org\/{rel}","templated":true}]}}