{"id":384,"date":"2018-11-13T12:59:52","date_gmt":"2018-11-13T12:59:52","guid":{"rendered":"http:\/\/newsite.vaivorykstestakas.lt\/wordpress\/?page_id=384"},"modified":"2022-10-25T13:18:59","modified_gmt":"2022-10-25T13:18:59","slug":"paramos-fondas","status":"publish","type":"page","link":"https:\/\/vaivorykstestakas.lt\/?page_id=384","title":{"rendered":"Paramos fondas"},"content":{"rendered":"<p>Esame d\u0117kingi visiems, kas skyr\u0117 savo 1.2% mokes\u010di\u0173.<br \/>\nD\u0117kojame aukojantiems m\u016bs\u0173 mokyklai.<\/p>\n<p>\u012emon\u0117s kodas: 195170434<br \/>\nTel\/faks. (8 46) 340 415, mob. 8 600 26 631<\/p>\n<p>Mokyklos s\u0105skaita:<br \/>\nV\u0160\u012e &#8222;Vaivoryk\u0161t\u0117s tako&#8221; gimnazija<br \/>\nAB \u0160iauli\u0173 bankas Banko kodas 71805<br \/>\nA\/S LT91 7180 5000 0170 0584<\/p>\n<p>Mokyklos s\u0105skaita pinigin\u0117ms perlaidoms i\u0161 u\u017esienio:<br \/>\nV\u0160\u012e &#8222;Vaivorykstes tako&#8221; pagrindine mokykla<br \/>\nSportinink\u0173 g. 11, Klaip\u0117da<br \/>\nAB SEB bank<br \/>\nSWIFT: CBVI LT2X<br \/>\nAccount number: LT937044060000528044<\/p>\n","protected":false},"excerpt":{"rendered":"<p>Esame d\u0117kingi visiems, kas skyr\u0117 savo 1.2% mokes\u010di\u0173. D\u0117kojame aukojantiems m\u016bs\u0173 mokyklai. \u012emon\u0117s kodas: 195170434 Tel\/faks. (8 46) 340 415, mob. 8 600 26 631 Mokyklos s\u0105skaita: V\u0160\u012e \u201eVaivoryk\u0161t\u0117s tako\u201d gimnazija AB \u0160iauli\u0173 bankas Banko kodas 71805 A\/S LT91 7180 5000 0170 0584 Mokyklos s\u0105skaita pinigin\u0117ms perlaidoms i\u0161 u\u017esienio: V\u0160\u012e \u201eVaivorykstes tako\u201d pagrindine mokykla Sportinink\u0173 g. 11, Klaip\u0117da AB SEB bank SWIFT: CBVI LT2X Account number: LT937044060000528044<\/p>\n","protected":false},"author":1,"featured_media":0,"parent":376,"menu_order":0,"comment_status":"closed","ping_status":"closed","template":"","meta":{"footnotes":""},"_links":{"self":[{"href":"https:\/\/vaivorykstestakas.lt\/index.php?rest_route=\/wp\/v2\/pages\/384"}],"collection":[{"href":"https:\/\/vaivorykstestakas.lt\/index.php?rest_route=\/wp\/v2\/pages"}],"about":[{"href":"https:\/\/vaivorykstestakas.lt\/index.php?rest_route=\/wp\/v2\/types\/page"}],"author":[{"embeddable":true,"href":"https:\/\/vaivorykstestakas.lt\/index.php?rest_route=\/wp\/v2\/users\/1"}],"replies":[{"embeddable":true,"href":"https:\/\/vaivorykstestakas.lt\/index.php?rest_route=%2Fwp%2Fv2%2Fcomments&post=384"}],"version-history":[{"count":0,"href":"https:\/\/vaivorykstestakas.lt\/index.php?rest_route=\/wp\/v2\/pages\/384\/revisions"}],"up":[{"embeddable":true,"href":"https:\/\/vaivorykstestakas.lt\/index.php?rest_route=\/wp\/v2\/pages\/376"}],"wp:attachment":[{"href":"https:\/\/vaivorykstestakas.lt\/index.php?rest_route=%2Fwp%2Fv2%2Fmedia&parent=384"}],"curies":[{"name":"wp","href":"https:\/\/api.w.org\/{rel}","templated":true}]}}